e value of 10 + -41 + 17 + 26?
12
Calculate -18 - (-41 - -19) - 27.
-23
Evaluate -20 - (-28 - -36 - (2 + 9)).
-17
What is the value of (-10 - -13) + (3 - (-6 - -14)) + -13?
-15
What is 2 + (-9 - 24) + 56?
25
Evaluate (-1 - 6) + -44 + 55.
4
Calculate -5 + -10 + 17 - -5 - 5.
2
Evaluate 36 + -27 + -4 + (5 - -7).
17
Calculate (-11 - -19 - (2 + 43)) + 13.
-24
What is 12 - (4 + 27 + -14)?
-5
What is the value of 2 - (-26 + 11 - -39)?
-22
What is 13 + -5 + -20 - 3?
-15
Calculate (19 + 26 - 20) + -45.
-20
What is -10 - -12 - (37 + -60)?
25
Evaluate (-5 - 12 - -6) + 12.
1
What is the value of (-75 - (-40 + 6)) + 9?
-32
What is (158 - 151) + -1 + -14 + -1?
-9
What is 9 + -13 - 5 - (8 - 50 - -14)?
19
What is the value of 2 + -2 + -19 + 25 + -10 + -6?
-10
-29 + 6 - -1 - -25
3
What is 7 + (-1 - (-7 - -6)) + -3 - 20?
-16
Evaluate 6 + -1 + 4 + -4 + -20.
-15
Calculate (2 - (-23 + -6)) + 5 + -9 + -10.
17
What is the value of 2 - (-1 - (5 - (-1 + -1)))?
10
Calculate ((0 - -8) + -3 - 9) + 16.
12
(6 - (-3 + 0)) + -4 + -13
-8
What is the value of 9 + (1 - 14) + -32 + 38?
2
What is the value of 40 - (31 - (32 + -7))?
34
What is the value of -1 - 13 - 8 - -6?
-16
Calculate -17 + -5 + (14 - -13).
5
What is the value of -5 + (14 + -9 - -6) - 17?
-11
What is (-8 - -5) + -27 + 6 + (-2 - 0)?
-26
What is 1 + -2 + -3 + 11 + 2 + -3?
6
What is the value of 43 - 9 - 59 - -30?
5
What is 0 - 4 - 7 - (-69 + 63)?
-5
Evaluate (25 - (-11 + 30)) + (-2 - -1) - -5.
10
(3 - 2) + -8 + 26 + -19 + 5
5
-9 - (-4 - (-5 + (11 - (11 + -4))))
-6
Evaluate (2 - ((7 - 6) + -3)) + 4 - 3.
5
What is (-6 - (9 + 0 + -8)) + 25?
18
-29 + 14 + 51 - 14
22
What is -1 + 1 + -2 - (62 + -58)?
-6
Evaluate -3 + -1 + 0 - (-10 - -22).
-16
What is 13 + -26 + (0 - -5 - -19)?
11
What is the value of (-4 - (3 - -2)) + 0 + -3 + 3?
-9
What is the value of 10 - (-24 - -28 - -1)?
5
Evaluate -10 + 15 + -8 + 4.
1
What is 9 + (-15 - -19 - 7)?
6
What is the value of (-4 - -3 - 1 - -4) + -4?
-2
What is the value of 1 + -5 - -4 - 6 - (-18 + 20)?
-8
-4 + (-35 - -43 - (18 - 6))
-8
What is (9 + 1 - 2 - (7 - -7)) + 26?
20
Evaluate (-2 - (4 - (-1 - -6) - 0)) + 3.
2
Calculate (-2 - -8) + 21 + 35 + -33.
29
Evaluate 18 + 3 - -2 - (-152 + 161).
14
9 - (0 - -12 - -13) - -21
5
Evaluate 2 - (-28 - -39) - 15.
-24
2 + 0 + 1 + (-24 - -20)
-1
-2 - (9 + (-9 - 13))
11
What is (8 - 1) + (14 - 1) + -10 + 10?
20
9 + 0 + 14 + -20
3
Calculate (-12 - (8 - 11)) + (40 - 14).
17
What is the value of 6 - ((-11 - (10 - 16)) + -4 + 1)?
14
What is -7 - (0 - -5 - (-3 + 8 + 1))?
-6
(-17 + 2 - -16) + 9
10
Calculate (13 - (6 + (9 - 5)) - 23) + -6.
-26
What is the value of 146 + -153 - (-6 + 0) - (13 + -1)?
-13
-1 + -5 - (271 - 266)
-11
What is 12 + (-10 - -30) + -35?
-3
Evaluate 15 + -26 - (3 + -6).
-8
What is the value of -4 + 6 - (7 + -13) - (32 - 1)?
-23
30 + (-5 - -4) + -15 + -13
1
-15 - 0 - (-5 + 27 + -33 + 22)
-26
-5 + 13 + (11 - (5 - 1) - 5)
10
Evaluate -12 - (2 + 0 + 2 + -2 + -2).
-12
What is the value of (-24 - -9 - 14) + 16?
-13
Calculate 14 - 19 - -5 - -8.
8
What is (3 - 1) + 7 - (-27 + 61)?
-25
What is the value of 7 + -4 + -43 - -11 - -13?
-16
What is -3 + 2 - ((-3 - -1 - 1) + 12)?
-10
Calculate 29 + -16 + -23 - (5 - 7).
-8
Calculate 1 + -3 - (-142 - -132).
8
Evaluate -2 - ((7 - (-2 - -5 - -7)) + 0).
1
24 + (-68 - (0 - 31))
-13
What is 30 + -5 + -5 + -4 + 4?
20
What is the value of -7 + (-3 - -5) + (-11 - -4) + 3?
-9
Evaluate 6 + -21 - (-85 + 91).
-21
What is the value of 1 - (1 - 6 - 9)?
15
What is the value of -10 - (12 - (32 + -1))?
9
Evaluate 6 + -9 + (5 - (-3 - (-6 + 0))).
-1
What is (2 - (-16 + 10) - 18) + 7?
-3
Evaluate -20 + 12 - (4 - (0 + 3)).
-9
(4 - (4 + 4) - -8) + 8
12
Calculate (-2 + -2 - 5) + 26 + (-6 - -1).
12
Calculate 0 + (1 - -2) - (-5 - -5 - 3).
6
What is the value of -13 + -8 + 11 - (-1 - 1)?
-8
(9 - -1) + (6 - (5 + 3))
8
What is -7 - -2 - 0 - (14 + -33 + 0)?
14
Calculate 23 + -9 + -32 + 16.
-2
Calculate (-62 - -52) + (-2 - (14 + -2)).
-24
What is the value of -31 - (78 + -72) - (-1 + -7)?
-29
(-14 - (11 - 17)) + 1 + 12
5
-230 + 248 - (-10 - (-5 + 7))
30
What is the value of 11 + (-6 - (-6 + (-9 - -5)))?
15
What is the value of 15 + 19 + -1 + -22?
11
What is the value of (-3 - ((-7 - 1) + 1)) + -1 + 6?
9
What is (-4 - (0 + 3 + 1)) + -23 + 24?
-7
1 - 20 - (-6 + 21 + -24)
-10
Calculate -9 - (1 - ((2 - 5) + 8)).
-5
What is the value of -34 - -22 - (-46 - (-9 - -5))?
30
What is the value of 0 + 16 - (-9 - (4 - (13 + 0)))?
16
Calculate 1 - (-5 - (3 + (4 - 1) + -2)).
10
What is the value of (2 - (-15 - -11) - 9) + 0 + 6?
3
What is the value of (-1 - 0) + (9 - 5) + (-261 - -249)?
-9
What is the value of -3 - (8 + (24 - 13 - 13))?
-9
What is -11 + (-11 - (-7 + -3 + -6))?
-6
What is -56 - -51 - (-3 + 0) - -6?
4
Calculate (-3 - 9) + (4 - 8 - -2).
-14
(6 - 1) + -2 - (45 - 29)
-13
2 - (-5 + 36 + -13)
-16
What is -7 + 6 - (-4 - -1 - -13) - -10?
-1
What is -3 + (-7 - (-3 - -3)) + 8?
-2
What is the value of (-12 + -18 - -16) + 4?
-10
Calculate 0 + (5 - 6) + (2 - -10).
11
27 - 39 - (-7 + 4 + 0 + -4)
-5
Calculate -66 - ((44 - 37) + -40).
-33
Evaluate -7 + 0 + (-3 - 3) + 6 + -1.
-8
Calculate -4 + 13 - (0 - (3 - 6)).
6
-10 + (52 - (14 - (22 - 15)))
35
(44 - (38 + 0)) + -11
-5
What is (-40 - (-13 - -20 - 19)) + 9?
-19
What is (-10 - (-20 + 2 + 15)) + (18 - -2)?
13
(14 + -3 - (0 + 6)) + -8 - 3
-6
3 + (-23 - (-19 + -3))
2
Calculate 21 + 26 - 1 - 33.
13
Calculate -38 - 11 - -29 - -13.
-7
What is the value of (-6 - (-3 - -1)) + (6 + -2 - 9)?
-9
Evaluate 17 + (0 - (-7 - -27)).
-3
Evaluate 11 + (9 - (-3 - -29)) + (1 - 2).
-7
-5 + (0 + -4 - 1) + 20
10
2 - (0 + (-2 - -2))
2
-4 + (-1 - 14) + (18 - 1)
-2
-3 - (14 + (-2 - (6 - 1)) + 3)
-13
Evaluate -17 + (-7 + 6 - -19).
1
What is 8 + -13 - (-6 + (-2 - 0))?
3
What is the value of (-1 - -21 - 0) + (-26 + 40 - 22)?
12
Evaluate (-7 - -4) + 4 + -1 + -2.
-2
-22 + (13 - 4) - -21
8
(-92 - -81) + (4 - -6)
-1
What is the value of 23 + (13 + -16 - 11)?
9
What is -3 + 28 - (-4 + 13 - 8)?
24
Calculate (-1 - -1) + 0 + 8 + -19.
-11
What is the value of -7 - (18 + (-7 - 14))?
-4
What is (29 - (11 + -5)) + (-11 - -2)?
14
What is 5 - (1 + 18) - -12?
-2
What is the value of -5 - -13 - 5 - (12 - 5)?
-4
What is the value of -24 + (15 + 1 - 2) - 6?
-16
What is -7 + 2 - ((1 + 16 - 10) + -20)?
8
Evaluate (6 + -10 - (-1 - 0)) + (365 - 343).
19
What is the value of -23 + 30 + -39 + 50?
18
Evaluate -4 - (14 + -16 - (7 - 11)).
-6
0 - 8 - (21 - 10 - 7)
-12
What is (10 + 9 - 25) + (2 - -5)?
1
Evaluate 2 + 9 + (-25 - -3 - -2).
-9
What is -54 + (3 - -26) + -2?
-27
-8 - (2 + -1 - (10 + -8 - 5))
-12
-32 + (58 - 12) + -1 + -6
7
Evaluate 18 + -30 - (-9 + 4 + -4).
-3
Evaluate -5 + (-6 - 1 - -2).
-10
(12 - 2) + -3 - (-5 - 0)
12
What is 30 - (12 - 15) - 14 - 55?
-36
Evaluate -48 + 61 + (-8 - 1) - 10.
-6
Evaluate 16 + -30 - -17 - (30 + 0).
-27
What is (9 - (0 - (9 + -10))) + 3 + 3?
14
What is -2 + 2 + -1 + -24 - (242 + -244)?
-23
Calculate 9 + (7 - (-14 + 8 + 2 + 16)).
4
What is the value of (4 - 1) + 16 + -31 + 23?
11
What is the value of (9 - 8) + 5 - 13?
-7
(-27 - -34) + (1 - -1) + 5
14
What is the value of 17 - ((4 - -20) + -15)?
8
Calculate 292 + -243 + -31 + 2.
20
Evaluate -16 + 33 + -15 + -11.
-9
Evaluate 18 + -16 - (11 + -1).
-8
What is the value of 5 + -21 + -6 + 5 + -4 + 8?
-13
What is (-7 - 0) + 2 + (4 - 3) + -2?
-6
Evaluate 13 - (-19 + -8 + 63).
-23
8 + -24 + 13 + (2 - 7)
-8
(-49 - -9) + 0 - -5
-35
Calculate (-14 - -37) + -33 - (0 - (-6 + -1)).
-17
What is -8 + 8 + -11 + -13?
-24
-13 + 9 + -1 + 4
-1
What is -123 + 110 - (-8 + 2 - -2) - -6?
-3
Evaluate 5 - (4 - (-19 + -2)) - (31 + -38).
-13
What is the value of (0 - (6 + (-2 - 5) - 7)) + -25?
-17
What is -18 + 10 - (-7 + 6 - -2)?
-9
Evaluate -5 + (4 - 0) - -9.
8
What is 0 + (-15 - -3 - (-49 - (-2 - 3)))?
32
Evaluate 9 + -10 + (9 - 0) + -17.
-9
What is the value of 4 - ((-13 - -8) + 30 + -14)?
-7
Evaluate 2 + 0 - (7 + -22 - (-17 + 13)).
13
Evaluate 12 + (17 - 0 - 38).
-9
Calculate -9 + (10 - (4 + -1)) + (87 - 90).
-5
What is 0 - (-1 + -1 + -5 - (3 + -32))?
-22
What is the value of -1 + 0 + 4 + (-4 - 3) + 16?
12
What is (42 - (32 - 8)) + -31?
-13
Evaluate 4 + (12 - 10) + -7 + -2 + 17.
14
Evaluate (3 + -17 - -11) + (0 - 0).
-3
What is (13 - 62) + 9 + 17?
-23
18 - (34 - -4 - 7)
-13
10 + 